(q)?
3
Let p(x) = 4*x**2 - 3*x + 4. Let s(g) = g**2 - 4. Let m(r) = -r - 1. Let w(z) = -3*m(z) - s(z). Let k be w(4). What is the units digit of p(k)?
1
Let n be (4/6)/(8/(-36)). Let a(j) = -2*j**3 + 4*j**2 + 4*j + 4. Let r be a(n). Let q = -29 + r. What is the tens digit of q?
5
Let f(x) = -5*x**3 - 4*x**2 + 2*x - 4. Suppose -4*u = 3*u + 21. What is the units digit of f(u)?
9
Let a = -27 - -17. What is the units digit of (-58 - 1)*a/10?
9
What is the tens digit of 128 + (4 - (6 - 5))?
3
Suppose y + 2*t - 2 = 0, 0*y = -5*y + 4*t - 18. Let x(p) = -4*p**3 - 2*p**2 - 5*p - 4. What is the tens digit of x(y)?
3
Let u(b) = 8*b**2 + 2*b + b**3 + 5*b + 9 - 4*b. What is the tens digit of u(-6)?
6
Suppose -5*u + 16*u - 2893 = 0. What is the tens digit of u?
6
Let a(n) = 242*n**2 - n - 12. What is the units digit of a(2)?
4
Suppose 2151 = -30*k + 31*k + 4*v, 0 = k - 4*v - 2183. What is the hundreds digit of k?
1
Suppose 40 = -9*u + 4*u. Let j = 208 - 199. Let h = j - u. What is the tens digit of h?
1
Let i = 5 + -5. Let v be 2*1 + 0*4/(-12). Suppose -24 = -3*r - 5*l, i = r + v*l - 9. What is the units digit of r?
3
Suppose 2*d - 4*t - 2 = -0*t, 0 = -5*d + 5*t. Let a be (-4 - -7)*d/(-3). Suppose 0 = 4*h + 3*v - 6, -3*h = -2*h + 2*v + a. What is the units digit of h?
3
Let g(a) = -27 + a + 131 + 163. What is the tens digit of g(0)?
6
Suppose 0 = 6*x - 1150 - 902. What is the hundreds digit of x?
3
Suppose 0 = -2*f - f - 600. Let b = f - -308. Suppose -5*u + 116 = -m, -5*u + b = 2*m - 5*m. What is the units digit of u?
4
Suppose 78*m - 8*m - 128660 = 0. What is the units digit of m?
8
Suppose 4*d = 4*j + 72, -2*d - 3*d + j + 78 = 0. Suppose -d = -o - 2*o. Suppose 0 = o*a - 0*a - 85. What is the tens digit of a?
1
Let u be (2 - -1) + -4 + 2. Let g be (u*-2)/(2/(-4)). Suppose -n = -4*j + 132, -j + g*n + 0*n + 33 = 0. What is the units digit of j?
3
Let p(o) = o - 6. Let t be p(10). Suppose -4*s + 0*u + 30 = -2*u, -4*s + 60 = t*u. What is the units digit of 202/6 - s/(-30)?
4
Let s = -132 + 136. Suppose -s*n + 501 = 77. What is the hundreds digit of n?
1
Suppose 5*c = -3*z + 375, -z - 402 = -4*z + 4*c. Suppose 17*y + z = 12*y. What is the tens digit of 1/2 - 1261/y?
4
Let t(i) = 4*i + 4. Let y be t(9). Suppose 0 = 30*s - y*s + 2440. What is the units digit of s?
4
Let c(y) = -64*y - 17. Let q be c(-8). Suppose j = -2*j + q. What is the hundreds digit of j?
1
Let y be (-3)/((-45)/(-48)*-2)*20. Let i(x) = x**2 - 25*x - 75. What is the hundreds digit of i(y)?
1
Suppose -106 = -5*a - j, 2*a = 2*j - 1 + 53. Suppose 2*h - 27 = 3*q + 2, -2*h = q - 9. Suppose h*b + a = 9*b. What is the units digit of b?
1
Let g(r) = r**3 - 3*r**2 - r. Let q be g(3). Let k be 1 + q - 15/(-5). Let b = 14 - k. What is the tens digit of b?
1
Let i(c) = -2*c. Let u(r) = r + 1. Let p(x) = i(x) + 3*u(x). Let h be p(3). Suppose 71 + 97 = h*z. What is the units digit of z?
8
Let w(d) = -417*d - 29. What is the tens digit of w(-2)?
0
Let d(q) = 787*q**2 - 9*q + 8. What is the hundreds digit of d(1)?
7
Suppose 0 = -2*y - 2*r + 4*r + 1288, 1296 = 2*y - 4*r. What is the tens digit of y?
4
Suppose 138 = -7*w + 859. What is the hundreds digit of w?
1
Let s(i) = 19*i - 441. What is the units digit of s(26)?
3
Let l be -10*((-32)/(-10))/(-4). Suppose -6*m - 30 = -l*m. Suppose -z + m = 5. What is the units digit of z?
0
Let a be (-1 + 0)/(-3*1/(-18)). Let i = a + 37. What is the units digit of i?
1
What is the hundreds digit of (24/(-72))/((-1)/1935)?
6
Let i = 3 - 1. Let n be (-4 + 0)*(1 - i). Suppose 0 = -4*j - w + 107, 2*j - n*j = 3*w - 61. What is the units digit of j?
6
Let g(c) be the second derivative of 1/12*c**4 + 0 - 4/3*c**3 + 7/2*c**2 - 2*c. What is the units digit of g(8)?
7
Let s(a) = 3*a**3 - 3 - 10*a - 4*a**3 - 3*a**2 + 6*a. What is the units digit of s(-2)?
1
Suppose 3 = 3*z + 12. Let k be -1*(-3 - 78/z). Let v = 45 + k. What is the tens digit of v?
2
What is the units digit of -1*(2 + -5 + -506)?
9
Suppose -4*n = -0*n + 5*f - 37, 4*f = -5*n + 35. Suppose -2*o - b + 128 = 3*b, -n*b - 69 = -o. What is the tens digit of o?
6
Suppose 102*f - 100*f - 112 = 0. What is the tens digit of f?
5
Suppose 3*r = -5*h + 15, -2*r + 14*h = 9*h + 15. Suppose 2*x - 101 = -5*o, 5*x = -r*x - o + 195. What is the units digit of x?
8
Let c(i) = -3*i**3 + 3*i**2 + 5*i + 4. Let h be c(-3). Suppose -5*o + h = -38. What is the tens digit of o?
2
Let g(x) = -x**3 - 9*x**2 - 8*x + 11. Let h = 35 - 43. What is the units digit of g(h)?
1
Let r = 612 - 414. Let a = -34 + r. What is the units digit of a?
4
Suppose -13*n + 805 = -4187. What is the units digit of n?
4
What is the hundreds digit of (-1737)/(-6) + 3/2?
2
Let n(i) = -2*i**2 - 8*i + 5. Let r be n(-4). Suppose 102 = -5*z - r*c + 452, -5*z + 350 = -c. What is the units digit of z?
0
Suppose 4*l = 2*r - 10, -6*l + 3*l + 2*r - 10 = 0. Suppose -4*g + 5 = 4*u - 27, l = -5*g + 4*u + 22. Suppose -o - o = -g. What is the units digit of o?
3
Let r(z) = -z - 1. Let t(j) be the first derivative of 8*j**2 - 2*j + 7. Let o(u) = 2*r(u) + t(u). What is the tens digit of o(2)?
2
Let n be 1*-1*(-5 - -1). Let y = n - 9. Let d = 8 - y. What is the units digit of d?
3
Suppose 13*h = 12*h. Suppose -746 = -5*k + 3*w + 23, h = 4*k - 2*w - 614. What is the hundreds digit of k?
1
Let v(p) = p**3 - 3*p + 3. Let i be v(2). Let x = i - -14. What is the units digit of x?
9
Suppose 21 = 5*d + 3*n, -n + 11 + 10 = 4*d. Suppose -d*w = w - 672. What is the tens digit of w?
9
Suppose 3*c + c + 40 = 0. Let k be -3*4/(-4) + 17. Let f = c + k. What is the tens digit of f?
1
Let s be 48/21 - 8/28. Suppose -4*m - s*n - 202 = 0, 0 = 2*m + 4*n + 118 - 26. Let d = 86 + m. What is the tens digit of d?
3
Let r(a) = a**2 - 6*a + 8. Let j be r(5). Let x be 16*((-6)/j + 3). Suppose 6*h = 26 + x. What is the units digit of h?
7
Let g(w) be the first derivative of -2*w**2 + w + 17. What is the tens digit of g(-9)?
3
Let m = -5 - -13. Let i(o) = 5*o - 24. What is the tens digit of i(m)?
1
Let w be 1 + -1 + 1 + 1. Let g(t) be the first derivative of t**4/2 + 2*t**3/3 - 3*t**2/2 + 3*t - 140. What is the units digit of g(w)?
1
Let q(g) = 8*g + 216. What is the tens digit of q(-5)?
7
Let n = 86 - 50. Let o = -16 + n. Suppose o = 2*p + 5*l - 0*l, 0 = p - 5*l + 5. What is the units digit of p?
5
Let x(y) = 10*y**2 - 2*y - 5. Let m = -49 + 45. What is the tens digit of x(m)?
6
Let p(v) = 2*v**2 + v - 1. Let h be p(-2). Let d be 1*3 + (-200)/(-8). Suppose d + 32 = h*w. What is the units digit of w?
2
Suppose 12*t - 9 = 9*t. What is the units digit of (-1)/(t/(-297)) + -3?
6
Suppose 2 = -l + 4. Suppose -l*s = s - 18. Suppose -153 = -s*g + 33. What is the tens digit of g?
3
Let i(a) = 219*a**3 + 7*a**2 - 4*a - 2. What is the tens digit of i(1)?
2
Let u(z) = -3*z + 21. Let y = -96 - -79. What is the units digit of u(y)?
2
Suppose -4*z = 2*b - 10, 5*z + 15 = z + 3*b. Suppose v + 4 = z, 2*a - v = -0*a + 180. What is the tens digit of a?
8
Let m = -3363 - -4745. What is the tens digit of m?
8
Suppose 3*r = -3 + 21. Let y(z) = 77*z**2 + 4*z - 8 + 6*z - 78*z**2. What is the tens digit of y(r)?
1
Let i(l) = 149*l + 3. What is the tens digit of i(2)?
0
What is the tens digit of 8 - (-17)/((-170)/(-31660))?
7
Let h be (-1 - 5)/((-30)/4400). Suppose -h = -4*f + 16. What is the hundreds digit of f?
2
Let l(t) be the first derivative of 7*t**2/2 - 2*t + 11. What is the tens digit of l(8)?
5
Suppose 0 = -8*n + 6*n + 36. Let l = n + -12. What is the units digit of l?
6
Let b(o) = o**3 - 8*o**2 - 13*o + 12. Let q(a) = a**2 + 4*a - 3. Let m be q(-6). Let l be b(m). Let u = l + 84. What is the tens digit of u?
6
What is the hundreds digit of 6/4*230 + -5?
3
Let r(w) = -w**2 + 35*w + 16. What is the units digit of r(16)?
0
Let q be (1312/(-12))/(3*8/(-36)). Suppose 0 = -2*z - 4*a + q, -15 = -4*z - 2*a + 289. What is the tens digit of z?
7
Suppose -i - 9*g + 1262 = -11*g, 0 = 3*i + 2*g - 3754. What is the thousands digit of i?
1
Let p = 17 + -14. Suppose p = -m + 2*m. Suppose 2*x + m*u = 85, -75 = 3*x - 5*x - 5*u. What is the tens digit of x?
5
Suppose x = -2*m + 1572, 4*x + 40*m - 6268 = 36*m. What is the thousands digit of x?
1
Suppose 16*l - 5230 = 11*l. What is the hundreds digit of l?
0
Let w = 63 + -42. Let i = w - 10. What 